t are the prime factors of 863588?
2, 11, 19, 1033
What are the prime factors of 10529248?
2, 293, 1123
List the prime factors of 11840134.
2, 179, 33073
What are the prime factors of 1242729?
3, 46027
What are the prime factors of 87450?
2, 3, 5, 11, 53
List the prime factors of 414003.
3, 59, 2339
What are the prime factors of 27976644?
2, 3, 83, 3121
What are the prime factors of 2310228?
2, 3, 21391
List the prime factors of 112907.
23, 4909
What are the prime factors of 1402397?
1402397
List the prime factors of 45549.
3, 7, 241
List the prime factors of 303022.
2, 127, 1193
List the prime factors of 5149875.
3, 5, 31, 443
What are the prime factors of 562810?
2, 5, 23, 2447
What are the prime factors of 3538413?
3, 393157
What are the prime factors of 31548366?
2, 3, 149, 1307
What are the prime factors of 414098?
2, 31, 6679
What are the prime factors of 1178093?
7, 31, 61, 89
What are the prime factors of 435773?
13, 33521
What are the prime factors of 357505?
5, 127, 563
List the prime factors of 20047875.
3, 5, 193, 277
List the prime factors of 8813168.
2, 7, 13, 6053
What are the prime factors of 115695?
3, 5, 857
List the prime factors of 332498.
2, 83, 2003
What are the prime factors of 18633268?
2, 1543, 3019
List the prime factors of 5323959.
3, 43, 13757
What are the prime factors of 2222833?
797, 2789
List the prime factors of 10136553.
3, 7, 41, 61, 193
What are the prime factors of 607809?
3, 83, 2441
List the prime factors of 987373.
19, 157, 331
List the prime factors of 8872341.
3, 37, 67, 1193
What are the prime factors of 13510191?
3, 4503397
List the prime factors of 19979769.
3, 97, 68659
What are the prime factors of 214157?
331, 647
List the prime factors of 1141776.
2, 3, 881
What are the prime factors of 66437?
7, 9491
What are the prime factors of 584920?
2, 5, 7, 2089
List the prime factors of 9544304.
2, 7, 11, 61, 127
List the prime factors of 2167796.
2, 23, 23563
List the prime factors of 44251.
17, 19, 137
What are the prime factors of 384636?
2, 3, 7, 19, 241
List the prime factors of 2507444.
2, 626861
List the prime factors of 4829970.
2, 3, 5, 131, 1229
What are the prime factors of 1927334?
2, 963667
What are the prime factors of 2430995?
5, 7, 69457
List the prime factors of 4353128.
2, 13, 19, 2203
List the prime factors of 3040504.
2, 53, 71, 101
List the prime factors of 1115004.
2, 3, 11, 8447
List the prime factors of 31590.
2, 3, 5, 13
What are the prime factors of 89773?
107, 839
List the prime factors of 168297.
3, 56099
List the prime factors of 795622.
2, 397811
List the prime factors of 714086.
2, 67, 73
What are the prime factors of 23422381?
23422381
List the prime factors of 414987.
3, 17, 79, 103
List the prime factors of 4078124.
2, 1019531
What are the prime factors of 581745?
3, 5, 38783
List the prime factors of 831916.
2, 31, 6709
What are the prime factors of 1316743?
1316743
List the prime factors of 11574628.
2, 13, 41, 61, 89
What are the prime factors of 5086?
2, 2543
List the prime factors of 15817646.
2, 13, 608371
What are the prime factors of 177743?
177743
What are the prime factors of 29946830?
2, 5, 137, 21859
What are the prime factors of 38830?
2, 5, 11, 353
What are the prime factors of 3136435?
5, 311, 2017
List the prime factors of 3155286.
2, 3, 37, 61, 233
List the prime factors of 789769.
17, 46457
List the prime factors of 40528.
2, 17, 149
What are the prime factors of 2105664?
2, 3, 11, 997
What are the prime factors of 3513959?
29, 121171
List the prime factors of 84372.
2, 3, 79, 89
What are the prime factors of 10358?
2, 5179
List the prime factors of 9183589.
9183589
List the prime factors of 6098490.
2, 3, 5, 7529
List the prime factors of 5275324.
2, 1318831
List the prime factors of 1712341.
97, 127, 139
List the prime factors of 16086176.
2, 547, 919
What are the prime factors of 91726?
2, 45863
What are the prime factors of 258126?
2, 3, 11, 3911
What are the prime factors of 8489496?
2, 3, 277, 1277
What are the prime factors of 8114768?
2, 23, 22051
List the prime factors of 221797.
221797
What are the prime factors of 3667092?
2, 3, 11, 13, 2137
What are the prime factors of 2590946?
2, 1295473
What are the prime factors of 4467877?
139, 32143
What are the prime factors of 750523?
463, 1621
List the prime factors of 2620144.
2, 83, 1973
What are the prime factors of 2323?
23, 101
What are the prime factors of 567737?
567737
List the prime factors of 2006552.
2, 19, 43, 307
What are the prime factors of 10782419?
10782419
What are the prime factors of 2133276?
2, 3, 389, 457
List the prime factors of 101784.
2, 3, 4241
What are the prime factors of 37613110?
2, 5, 83, 45317
What are the prime factors of 7320374?
2, 3660187
List the prime factors of 559716.
2, 3, 46643
List the prime factors of 973150.
2, 5, 19463
What are the prime factors of 960666?
2, 3, 7, 89, 257
What are the prime factors of 3191121?
3, 17, 20857
What are the prime factors of 786838?
2, 13, 53, 571
List the prime factors of 3972611.
17, 233683
List the prime factors of 4701138.
2, 3, 13, 60271
What are the prime factors of 1833475?
5, 7, 10477
What are the prime factors of 1339540?
2, 5, 66977
List the prime factors of 4032146.
2, 859, 2347
What are the prime factors of 505556?
2, 211, 599
List the prime factors of 2030147.
7, 290021
What are the prime factors of 16571968?
2, 7, 71, 521
What are the prime factors of 60144?
2, 3, 7, 179
What are the prime factors of 17516265?
3, 5, 13, 43, 2089
List the prime factors of 668503.
11, 60773
What are the prime factors of 1848557?
37, 47, 1063
What are the prime factors of 264076?
2, 107, 617
What are the prime factors of 859890?
2, 3, 5, 28663
What are the prime factors of 12748816?
2, 796801
What are the prime factors of 204939?
3, 7, 3253
List the prime factors of 471149.
7, 67307
What are the prime factors of 1677234?
2, 3, 13, 21503
What are the prime factors of 19255122?
2, 3, 59, 18131
What are the prime factors of 143733?
3, 47911
What are the prime factors of 14083685?
5, 7, 11, 157, 233
List the prime factors of 769415.
5, 37, 4159
What are the prime factors of 5303996?
2, 277, 4787
What are the prime factors of 153883?
37, 4159
List the prime factors of 342199.
11, 13, 2393
List the prime factors of 3641057.
7, 520151
What are the prime factors of 6327940?
2, 5, 41, 7717
List the prime factors of 823644.
2, 3, 137, 167
List the prime factors of 2224004.
2, 41, 71, 191
List the prime factors of 1925630.
2, 5, 7, 27509
What are the prime factors of 10065294?
2, 3, 559183
List the prime factors of 152974.
2, 76487
List the prime factors of 3497285.
5, 11, 63587
List the prime factors of 122.
2, 61
What are the prime factors of 1131264?
2, 3, 491
List the prime factors of 1155015.
3, 5, 25667
What are the prime factors of 315552?
2, 3, 19, 173
List the prime factors of 759397.
759397
List the prime factors of 709988.
2, 17, 53, 197
List the prime factors of 15103352.
2, 11, 171629
What are the prime factors of 36455462?
2, 271, 67261
What are the prime factors of 717396?
2, 3, 191, 313
List the prime factors of 2923359.
3, 19, 51287
What are the prime factors of 283758?
2, 3, 47293
List the prime factors of 5501392.
2, 13, 26449
What are the prime factors of 1022498?
2, 461, 1109
What are the prime factors of 21808653?
3, 2557, 2843
What are the prime factors of 1223752?
2, 19, 83, 97
List the prime factors of 398549.
398549
List the prime factors of 4571253.
3, 507917
What are the prime factors of 2161804?
2, 101, 5351
What are the prime factors of 199423?
7, 31, 919
What are the prime factors of 51946?
2, 19, 1367
List the prime factors of 14889525.
3, 5, 7, 79, 359
List the prime factors of 266005.
5, 53201
What are the prime factors of 182784?
2, 3, 7, 17
What are the prime factors of 1253041?
1061, 1181
List the prime factors of 78769.
227, 347
What are the prime factors of 4589940?
2, 3, 5, 227, 337
What are the prime factors of 569995?
5, 29, 3931
List the prime factors of 1269070.
2, 5, 11, 83, 139
List the prime factors of 9958968.
2, 3, 138319
What are the prime factors of 148295?
5, 7, 19, 223
What are the prime factors of 2154693?
3, 643, 1117
List the prime factors of 291845.
5, 58369
List the prime factors